8 is divided by 45.
13
Calculate the remainder when 7272 is divided by 91.
83
What is the remainder when 1560 is divided by 27?
21
What is the remainder when 374 is divided by 19?
13
Calculate the remainder when 189 is divided by 48.
45
Calculate the remainder when 33 is divided by 20.
13
What is the remainder when 35 is divided by 18?
17
What is the remainder when 640 is divided by 625?
15
Calculate the remainder when 5573 is divided by 25.
23
What is the remainder when 678 is divided by 339?
0
What is the remainder when 1117 is divided by 35?
32
What is the remainder when 1618 is divided by 138?
100
Calculate the remainder when 469 is divided by 59.
56
What is the remainder when 241 is divided by 81?
79
Calculate the remainder when 142 is divided by 35.
2
What is the remainder when 1343 is divided by 127?
73
Calculate the remainder when 283 is divided by 41.
37
What is the remainder when 146 is divided by 39?
29
Calculate the remainder when 4888 is divided by 2441.
6
Calculate the remainder when 1744 is divided by 38.
34
What is the remainder when 713 is divided by 231?
20
What is the remainder when 298 is divided by 72?
10
What is the remainder when 166 is divided by 47?
25
What is the remainder when 1167 is divided by 147?
138
What is the remainder when 25421 is divided by 38?
37
Calculate the remainder when 1059 is divided by 528.
3
Calculate the remainder when 1691 is divided by 47.
46
What is the remainder when 2156 is divided by 16?
12
Calculate the remainder when 51 is divided by 35.
16
What is the remainder when 185 is divided by 17?
15
What is the remainder when 327 is divided by 33?
30
What is the remainder when 424 is divided by 39?
34
What is the remainder when 5631 is divided by 1122?
21
Calculate the remainder when 1494 is divided by 48.
6
Calculate the remainder when 77 is divided by 10.
7
What is the remainder when 1864 is divided by 619?
7
What is the remainder when 139 is divided by 7?
6
Calculate the remainder when 211 is divided by 70.
1
What is the remainder when 1554 is divided by 71?
63
Calculate the remainder when 80 is divided by 21.
17
What is the remainder when 96 is divided by 33?
30
What is the remainder when 206 is divided by 23?
22
What is the remainder when 1853 is divided by 534?
251
Calculate the remainder when 4039 is divided by 18.
7
Calculate the remainder when 119 is divided by 65.
54
What is the remainder when 57 is divided by 23?
11
What is the remainder when 35637 is divided by 22?
19
What is the remainder when 1422 is divided by 28?
22
What is the remainder when 356 is divided by 347?
9
What is the remainder when 218 is divided by 38?
28
Calculate the remainder when 729 is divided by 73.
72
Calculate the remainder when 139 is divided by 14.
13
Calculate the remainder when 2278 is divided by 163.
159
Calculate the remainder when 119 is divided by 29.
3
What is the remainder when 153 is divided by 39?
36
Calculate the remainder when 708 is divided by 5.
3
What is the remainder when 5165 is divided by 63?
62
Calculate the remainder when 357 is divided by 115.
12
What is the remainder when 240 is divided by 124?
116
Calculate the remainder when 316 is divided by 40.
36
Calculate the remainder when 1291 is divided by 322.
3
Calculate the remainder when 11439 is divided by 103.
6
Calculate the remainder when 981 is divided by 24.
21
Calculate the remainder when 9431 is divided by 106.
103
Calculate the remainder when 243 is divided by 233.
10
What is the remainder when 164 is divided by 7?
3
Calculate the remainder when 69 is divided by 42.
27
What is the remainder when 5358 is divided by 17?
3
What is the remainder when 370 is divided by 51?
13
Calculate the remainder when 510 is divided by 196.
118
Calculate the remainder when 2611 is divided by 7.
0
Calculate the remainder when 4372 is divided by 162.
160
What is the remainder when 45 is divided by 6?
3
Calculate the remainder when 1584 is divided by 23.
20
What is the remainder when 849 is divided by 20?
9
What is the remainder when 738 is divided by 211?
105
What is the remainder when 169 is divided by 70?
29
Calculate the remainder when 329 is divided by 33.
32
Calculate the remainder when 2519 is divided by 229.
0
What is the remainder when 703 is divided by 11?
10
What is the remainder when 271 is divided by 48?
31
What is the remainder when 212 is divided by 51?
8
Calculate the remainder when 827 is divided by 138.
137
Calculate the remainder when 3279 is divided by 164.
163
Calculate the remainder when 789 is divided by 214.
147
What is the remainder when 1761 is divided by 63?
60
Calculate the remainder when 131 is divided by 54.
23
What is the remainder when 240 is divided by 7?
2
Calculate the remainder when 105 is divided by 38.
29
What is the remainder when 111 is divided by 24?
15
What is the remainder when 234 is divided by 6?
0
What is the remainder when 35 is divided by 16?
3
Calculate the remainder when 990 is divided by 85.
55
What is the remainder when 778 is divided by 84?
22
What is the remainder when 3332 is divided by 115?
112
Calculate the remainder when 383 is divided by 39.
32
What is the remainder when 220 is divided by 37?
35
What is the remainder when 363 is divided by 9?
3
What is the remainder when 154 is divided by 37?
6
Calculate the remainder when 78 is divided by 27.
24
What is the remainder when 254 is divided by 17?
16
What is the remainder when 1240 is divided by 366?
142
What is the remainder when 193 is divided by 65?
63
Calculate the remainder when 252 is divided by 2.
0
What is the remainder when 307 is divided by 22?
21
Calculate the remainder when 174 is divided by 39.
18
Calculate the remainder when 245 is divided by 19.
17
What is the remainder when 30 is divided by 21?
9
What is the remainder when 1582 is divided by 44?
42
What is the remainder when 104 is divided by 4?
0
What is the remainder when 678 is divided by 11?
7
What is the remainder when 1455 is divided by 289?
10
Calculate the remainder when 584 is divided by 155.
119
What is the remainder when 338 is divided by 244?
94
What is the remainder when 1646 is divided by 29?
22
Calculate the remainder when 213 is divided by 28.
17
Calculate the remainder when 697 is divided by 22.
15
What is the remainder when 458 is divided by 127?
77
Calculate the remainder when 81 is divided by 18.
9
Calculate the remainder when 1129 is divided by 13.
11
Calculate the remainder when 1133 is divided by 142.
139
Calculate the remainder when 8539 is divided by 73.
71
What is the remainder when 44 is divided by 17?
10
Calculate the remainder when 3001 is divided by 273.
271
What is the remainder when 1406 is divided by 554?
298
What is the remainder when 971 is divided by 10?
1
What is the remainder when 871 is divided by 19?
16
Calculate the remainder when 61 is divided by 49.
12
Calculate the remainder when 171 is divided by 6.
3
What is the remainder when 272 is divided by 139?
133
What is the remainder when 69 is divided by 11?
3
What is the remainder when 351 is divided by 116?
3
Calculate the remainder when 321 is divided by 134.
53
Calculate the remainder when 764 is divided by 11.
5
What is the remainder when 193 is divided by 14?
11
What is the remainder when 310 is divided by 25?
10
What is the remainder when 16 is divided by 6?
4
Calculate the remainder when 3266 is divided by 93.
11
Calculate the remainder when 433 is divided by 113.
94
Calculate the remainder when 305 is divided by 30.
5
Calculate the remainder when 281 is divided by 26.
21
Calculate the remainder when 102 is divided by 23.
10
What is the remainder when 779 is divided by 22?
9
Calculate the remainder when 537 is divided by 106.
7
Calculate the remainder when 121 is divided by 21.
16
Calculate the remainder when 240 is divided by 50.
40
What is the remainder when 305 is divided by 83?
56
Calculate the remainder when 270 is divided by 53.
5
What is the remainder when 1213 is divided by 200?
13
What is the remainder when 1679 is divided by 218?
153
What is the remainder when 87 is divided by 25?
12
What is the remainder when 297 is divided by 83?
48
What is the remainder when 387 is divided by 127?
6
Calculate the remainder when 88 is divided by 68.
20
What is the remainder when 30371 is